-21
Let p = 1 + -1. Let s(m) = m**3 - m - 5. Let l be s(p). Let t(o) = -21*o + o**3 - 2523524*o**2 + 18*o - 2 + 2523528*o**2. Determine t(l).
-12
Let g(u) be the third derivative of -u**7/1680 - u**6/144 - u**5/20 - u**2. Let r(y) be the third derivative of g(y). Let a = 4150 + -4154. Calculate r(a).
7
Let a(m) = -m**3 - 4*m**2 - 4*m - 2. Let w be a(-2). Let o(t) be the first derivative of 2*t - 22 + 1/2*t**2 - 1/3*t**3. Determine o(w).
-4
Suppose 13 = -2*u + 15. Suppose -2*x + s - 5 = -u, 3*x + s + 1 = 0. Let y(c) = -6*c**3 - c**2 + 28*c + 5*c**3 - 29*c. Calculate y(x).
1
Let t be (-1)/((-13)/2) + (-3175)/(-65). Suppose q + 2*q + t = 2*y, -q = 4*y - 77. Suppose -18*k = -14*k + y. Let n(z) = -z**2 - 5*z + 2. Give n(k).
2
Let c(y) = -3*y. Suppose 390 = 5*j - 3*q, j + j = 4*q + 170. Suppose h + 5*n = 67, 4*h + 2*n + 81 = 5*h. Let u = h - j. Calculate c(u).
-6
Let y(b) = b**2 - 14*b + 13. Let o be y(8). Let q be o/14*4 + (-3)/3. Let w(u) = u**3 + 11*u**2 - 9. Give w(q).
-9
Let f(r) = -20*r - 78. Let a be f(-5). Suppose a = q + 20. Let k(j) = 2*j**3 + 2*j**2 - 2*j + 1. Determine k(q).
21
Let l(w) = -w + 12. Let t(f) = -3*f - 16. Let u(v) = v + 1. Let h(n) = -t(n) - 4*u(n). Let q be h(8). Suppose x = 5*b - 6, -q*b + 27 = 4*x - 7*b. What is l(x)?
3
Suppose 524 = 48*k - 244. Let s(p) = -p**3 + 17*p**2 - 14*p + 8. Calculate s(k).
40
Let u = 14774 + -14817. Let o(p) = 13*p + 562. Determine o(u).
3
Let y(d) be the second derivative of -d**4/12 - 5*d**3/2 - 5*d**2 + 3*d. Let c = -2644 - -2630. Determine y(c).
4
Let h(o) be the second derivative of o**3 + o**2/2 + 3662*o. Let g = 14 - 21. Calculate h(g).
-41
Let x(b) = -b**2 + 3*b - 26. Let o(y) = -2*y**2 + 12*y - 54. Let p(a) = 2*o(a) - 5*x(a). Calculate p(-7).
8
Suppose 177 = -2*k + 179. Let m(u) = -960*u + 1920*u - 962*u + k. Determine m(-4).
9
Suppose -7 = h + 4*t - 17, -t = -3*h + 4. Let s(y) = -43 + 52 - 8*y - y**h + 0*y**2. Give s(-9).
0
Let a(d) = -158*d. Let u(r) = -850*r + 1. Let o(j) = -6*a(j) + u(j). Calculate o(1).
99
Let k(g) = -47*g + 27 + 131*g**2 + g**3 - 26 - 136*g**2 - 24. What is k(10)?
7
Let c be -15 + (-8 - -9) + (1 - -6). Let n(d) = d**3 + 8*d**2 + 7*d + 3. Give n(c).
3
Let t be (-3)/18*-3*48/8. Suppose -t*l + 23 = 32. Let i(x) = -3*x + 5*x + 1 - x. Determine i(l).
-2
Suppose -94 = 12*c + 146. Let q be ((-11)/(-4) + -3)*c. Suppose -4*v = -q*v. Let l(r) = -r - 5. What is l(v)?
-5
Suppose 3*z - 4*z - 34 = -5*y, -2 = -2*z. Let g(o) = -5*o**2 - y + 20 - 12. Calculate g(-1).
-4
Let y(u) be the first derivative of -1/3*u**3 + 13*u - 4*u**2 - 8. Let l(w) = -3*w + 3. Let f be l(4). Calculate y(f).
4
Let c(d) = 603 + 615 + 624 + 17*d - 1826 - 4*d**2. What is c(-1)?
-5
Let s be (-1)/((-5)/(-12) - (-26)/(-39)). Let g be s/(-18) + (48/(-27) - -2). Let w(z) be the third derivative of -z**4/24 - 4*z**3/3 - 6*z**2. Give w(g).
-8
Let s(n) = -n**2 + 9*n - 4. Suppose -38*g - 48*g + 37*g + 294 = 0. What is s(g)?
14
Let s(v) = v**2 + 6*v + 8. Let m(h) = 22*h - 8 + 32 + h + 8*h. Let q be m(-1). Give s(q).
15
Let v(n) = 4*n**3 + n - 6. Suppose 36 - 8 = 30*p - 16*p. Give v(p).
28
Let t(y) = -y**2 - 14*y - 3. Let i(k) = -2*k**2 - 27*k - 5. Let a(w) = 2*i(w) - 5*t(w). Let c be a(-5). Let z = -48 - c. Let s(l) = -3*l + 2. Determine s(z).
-4
Let o(i) = -6*i - 69. Let u be (-35)/420 - 83/12. Give o(u).
-27
Let a(n) = -3*n - 21*n + n**2 + 247357 - 247259. Determine a(19).
3
Let i(d) be the first derivative of d**5/20 - d**4/12 + d**3/3 - 3*d**2/2 + 31*d - 78. Let v(m) be the first derivative of i(m). Determine v(2).
5
Suppose -2 = -d + 3*x + 10, -2*d - 2*x = -8. Let j(s) = -7*s - d*s + s**2 + 5 - 9*s + 16*s. What is j(4)?
-3
Let g(m) = m + 0*m**3 - 3*m**3 - 3*m**3 + 7*m**3 + 8*m**2. Let r(j) = -j**3 + j**2 + 2*j + 3. Let v be r(2). Suppose -v*q + 5*q + 16 = 0. Give g(q).
-8
Let a(g) = 13*g**2 - 14*g + 4. Let x(k) = 3*k**2 - 3*k + 2. Let u(r) = -2*a(r) + 9*x(r). Let y = 5 + -7. Let m be 0/(y/((-8)/(-12))). Determine u(m).
10
Let v = 43 + -41. Suppose k - 14 = -3*k + y, v*y = -4. Let j(l) = 20*l + 2 - 15*l - k. Calculate j(-2).
-11
Suppose -4*h - 3*o - 28 = 0, 4*h + 1 = -4*o - 23. Let y(m) = -1 - 167*m + 166*m - 9. Let c be y(h). Let q(j) = -j**2 + j + 7. What is q(c)?
7
Let p(w) be the third derivative of -29*w**4/24 + 19*w**3/2 - 6223*w**2. Give p(2).
-1
Let l = -44 - -47. Suppose -2*u = 4, -u = -l*s - 5*u + 70. Let o(k) = -2 - s*k + k**2 + 33*k + 7 - 1. Calculate o(-6).
-2
Suppose -350*u + 110 = 4*u + 22*u - 642. Let a(b) = 6*b**2 + 8*b - 2. Let i(f) = -5*f**2 - 7*f + 2. Let g(d) = -6*a(d) - 7*i(d). Give g(u).
-4
Let s(k) be the first derivative of -k**3/3 + 6*k**2 + k + 4092. Give s(14).
-27
Let a(o) = 3*o**3 - 4*o**2 - 11. Let n(p) = -7*p**3 + 8*p**2 + p + 24. Let w be (112 - 108)/((-2)/(-1)*1). Let m(t) = w*n(t) + 5*a(t). Determine m(5).
28
Let l(f) = 16*f - 109. Suppose 5*d = 2*u - 22 - 10, 2 = -u - 2*d. What is l(u)?
-13
Let i(w) = -w**3 - 5*w**2 + 2. Suppose -n + 2*f - 3 = 0, n + f + 0*f = 9. Suppose -5*c + 9*a = 6*a + 19, 5*a + 35 = -n*c. What is i(c)?
2
Let g(b) = b - 9 + 1 + 10. Let u(w) = -w + 3. Let p(j) = -g(j) - 2*u(j). Calculate p(-7).
-15
Let o(b) = 254 + b - 45 - 204. Suppose 5*t - 6 = -2*h + 8, -t + 4 = h. Let a be (-3)/t*32/12. Determine o(a).
1
Let c(s) = -64*s**3 - s**2 - 13*s + 4. Let x(v) = -190*v**3 - 3*v**2 - 36*v + 11. Let t(d) = -11*c(d) + 4*x(d). Give t(-1).
56
Let f(w) = 1 - 2*w**2 + 69*w + 0 - 131*w + 60*w - 42*w**3 + 2. Calculate f(1).
-43
Let y = 2131 + -2129. Suppose 4*q - b = 12, -3*q - 4*b + 9 = -0. Let i(f) = 1 + y*f + 4 - q - 6. What is i(4)?
4
Let n(r) = 2*r - 20. Let k(b) be the second derivative of b**3/6 - 9*b**2 + 4*b + 10. Let g(p) = -5*k(p) + 4*n(p). What is g(-6)?
-8
Let o = 3/1405 - -1387/8430. Let j(a) be the third derivative of o*a**3 + 0 - 7/60*a**5 + 1/24*a**4 + 0*a + 10*a**2. What is j(-1)?
-7
Suppose -12 = -73*q + 75*q. Let f(s) = 5*s**3 + 7*s**2 + 15*s + 21. Let k(a) = -14*a**3 - 20*a**2 - 44*a - 60. Let b(j) = q*k(j) - 17*f(j). What is b(4)?
-9
Let f(h) = -h. Suppose 3*c - 12 = 0, 0 = x + 3*x - c + 20. Let o be (9/2)/(49/(-12) - x). Let d = o - -58. Determine f(d).
-4
Suppose 10*y + 6 = -14. Let t(a) = a**3 + 2*a**2 + 8*a + 18. Let v be t(y). Let z(f) = f**3 - 2*f + 2. Calculate z(v).
6
Let d(f) = -f**3 + 11*f**2 - 2*f - 7. Let h(x) = 488*x - 1942. Let s be h(4). Calculate d(s).
73
Let g(a) = -12*a**3 - 24*a**2 - 2*a - 5. Let r(h) = -h**3 - 3*h**2 - h. Let i(u) = -g(u) + 8*r(u). Determine i(2).
25
Let k(n) = -3*n**3 + 7*n - 4. Let g = 383 + -386. Let v(f) = -3*f**3 + 9*f - 5. Let x(o) = g*v(o) + 4*k(o). Calculate x(1).
-3
Let b(o) = -2229*o - 2226*o - 1 + 4456*o. Give b(10).
9
Let y(s) = s**3 - 6*s**2 - 7. Let z be (-5)/((-15)/(-6) + -2). Let w = -41 - -45. Let g be (-14 - z)/(w/(-6)). Determine y(g).
-7
Let u(z) be the second derivative of 1/12*z**4 + 11/2*z**2 - z + 17/6*z**3 + 0. Let i(h) = h. Let v(b) = -6*i(b) + u(b). Determine v(-8).
-13
Let j = 36 - 136. Suppose -2*x = -3*w + 299, -3*x + 41 = 44. Let l = j + w. Let z(y) = 2*y**2 + 2*y + 1. Give z(l).
1
Let z(c) = -c**3 - 10*c**2 + 2*c - 43. Let d be z(-10). Let u be -3*12*(-7)/d. Let t(o) = -o**2 - 7*o - 9. Calculate t(u).
3
Let d(l) = l - 18. Suppose -x = -6 - 10. Let m be d(x). Let r(p) be the second derivative of p**5/10 + p**4/3 + 2*p**3/3 + p**2 - 115*p. What is r(m)?
-6
Let o(q) = q**3 + 17*q**2 + 40*q - 11. Suppose -2*a = -2*b + 38, a - 108 = 8*a - 2*b. What is o(a)?
17
Let w(n) = -5*n**2 + 10. Let j be 2/(-11) + 1206/(-22). Let t = j + 48. Let o(c) = -6*c**2 - c + 11. Let x(d) = t*w(d) + 6*o(d). Calculate x(-3).
5
Let d(t) = t**2 - t + 2. Let c(g) = 8*g**2 - 86*g - 161. Let j(y) = c(y) - 6*d(y). What is j(42)?
-5
Let l(i) be the third derivative of -i**4/24 + i**3/2 + 18*i**2 + 38*i. Calculate l(0).
3
Let s(f) = 6*f**2 - 2*f + 1. Let x = 20 + -19. Let d be -4 - -1*(0 - x). Let q = d + 6. Give s(q).
5
Let n be 4 - (-1 + 3 + -3)/(-48 - -47). Let w(g) be the first derivative of 0*g**3 - n*g + 15 - 1/4*g**4 + 0*g**2. Determine w(0).
-3
Let z(t) = 88495 - 88497 - 9*t**2 + 4*t + 8*t**2. Let h = 11 + -7. Suppose h*b = 4*o + 20, -4*b + 7 = -2*b - 5*o. Give z(b).
-14
Let k(f) = 2*f**2 + 24*f - 5. Let t(h) = -3*h**2 + 232*h - 755. Let y be t(74). Calculate k(y).
85
Let c be ((-630)/(-25))/(1/5). Le